n base 2, what is 1101000111010001 - 11?
1101000111001110
In base 14, what is 85 + -540?
-499
In base 3, what is 20 + -21211221?
-21211201
In base 4, what is -30 + -32123230?
-32123320
In base 8, what is -302 + -630?
-1132
In base 12, what is -6 + -b528?
-b532
In base 13, what is 7ab6 - -93?
7b79
In base 12, what is a1 - 92?
b
In base 8, what is 547 - 2470?
-1721
In base 7, what is -1160252 - 3?
-1160255
In base 4, what is -111 + -11222313?
-11223030
In base 4, what is 11 - -1323320?
1323331
In base 4, what is -330310 + 111212?
-213032
In base 4, what is -1302332221 + -2?
-1302332223
In base 10, what is 0 + -1374?
-1374
In base 10, what is 4 - 18328?
-18324
In base 15, what is -d - -1046?
1038
In base 8, what is 671133 - -3?
671136
In base 15, what is -41c3 - 6?
-41c9
In base 8, what is -277036 - -7?
-277027
In base 7, what is -3 + -22214?
-22220
In base 9, what is -654030 + 4?
-654025
In base 7, what is -431112 + 50?
-431032
In base 12, what is 643 - 3b8?
247
In base 7, what is 24 + -236?
-212
In base 8, what is 131512 - -4?
131516
In base 7, what is 0 - -13420?
13420
In base 10, what is 29685 - 15?
29670
In base 13, what is -2906 + -47?
-2950
In base 10, what is -13 + 19274?
19261
In base 11, what is -176359 + -1?
-17635a
In base 9, what is -4 + 17105?
17101
In base 3, what is -110021120 - -1?
-110021112
In base 4, what is 0 + -332323223?
-332323223
In base 11, what is 704318 + -5?
704313
In base 4, what is 332312 + 2203?
1001121
In base 16, what is -2 - -1bde?
1bdc
In base 14, what is 9d8 - -9?
a03
In base 8, what is 2545245 + -4?
2545241
In base 13, what is -b094 - 14?
-b0a8
In base 9, what is 206776 - -5?
206782
In base 2, what is -11 - -111110000010010?
111110000001111
In base 12, what is 57998 - 0?
57998
In base 11, what is 1045 - 1041?
4
In base 2, what is 100111001110 - -1101?
100111011011
In base 9, what is 3700742 - -2?
3700744
In base 4, what is 122 + -12112?
-11330
In base 13, what is -13223 + 3?
-13220
In base 14, what is -83628 + -3?
-8362b
In base 16, what is -2 - -6521?
651f
In base 2, what is 100000011 - -10011100101?
10111101000
In base 9, what is -5 - -43813?
43807
In base 8, what is 0 + 4465132?
4465132
In base 3, what is 12 - 1110112100?
-1110112011
In base 7, what is -11 + 1032023?
1032012
In base 5, what is -10 + 13112120?
13112110
In base 7, what is 44064 - 1?
44063
In base 14, what is 140592 - -1?
140593
In base 10, what is 760754 - -4?
760758
In base 8, what is 5255 - 224?
5031
In base 16, what is -b34ff - 2?
-b3501
In base 12, what is -790 + -2a?
-7ba
In base 14, what is 4 + 1a29d?
1a2a3
In base 9, what is 84 + 74624?
74718
In base 16, what is 6e9 + 39?
722
In base 12, what is 486 + -a97?
-611
In base 16, what is 2 + b9?
bb
In base 6, what is -2 - 1200402?
-1200404
In base 9, what is 72371 - -3?
72374
In base 3, what is -20001110 - 101?
-20001211
In base 7, what is 26 - 4256?
-4230
In base 10, what is -2014964 - -5?
-2014959
In base 4, what is 3 + -20220112?
-20220103
In base 3, what is -112 + -121102112?
-121110001
In base 4, what is 1 - -32032230?
32032231
In base 3, what is -110110010 + 100?
-110102210
In base 6, what is 1054205 + 120?
1054325
In base 7, what is 3323 - -1354?
5010
In base 11, what is -10 + -558a?
-559a
In base 4, what is -3 + -310203222?
-310203231
In base 13, what is -7 - 3bc?
-3c6
In base 16, what is 19 - 207?
-1ee
In base 13, what is -16b8 - 4?
-16bc
In base 10, what is -448417 - 0?
-448417
In base 3, what is -2001 - 10201120?
-10210121
In base 14, what is 5 + 102cb4?
102cb9
In base 10, what is 6 - 8236?
-8230
In base 16, what is -30de + -e?
-30ec
In base 16, what is -4 + -32e8?
-32ec
In base 7, what is -1 - -324524?
324523
In base 10, what is -1597 - -1409?
-188
In base 3, what is 1102220211221 + 12?
1102220212010
In base 3, what is -1021020221 + -10?
-1021021001
In base 11, what is 412061 + -4?
412058
In base 16, what is 23e7 + -8?
23df
In base 7, what is -10616561 - 0?
-10616561
In base 9, what is -4368 - -444?
-3824
In base 8, what is 3 + -16243?
-16240
In base 10, what is -4 + -10771?
-10775
In base 11, what is 2156 - -11?
2167
In base 6, what is 22424532 - 4?
22424524
In base 12, what is a89032 - 2?
a89030
In base 14, what is -c + 6c96b?
6c95d
In base 2, what is -100000001111010 + -100?
-100000001111110
In base 16, what is fd5 - 0?
fd5
In base 6, what is 115 + 10344?
10503
In base 9, what is -208640 + 7?
-208632
In base 7, what is 20 + 141340?
141360
In base 8, what is 341 - -7471?
10032
In base 11, what is 1915 + 10?
1925
In base 12, what is 687 + 1884?
234b
In base 9, what is -3 + 444763?
444760
In base 10, what is -126 + -237?
-363
In base 14, what is 6 + 740c1?
740c7
In base 3, what is -2012 + 100020?
21001
In base 7, what is -2 + -240100?
-240102
In base 7, what is -36 - -303006?
302640
In base 2, what is -110010001010101 - -11011?
-110010000111010
In base 11, what is 12 - -866?
878
In base 16, what is -11c + -3fc?
-518
In base 4, what is -233 + 2030?
1131
In base 7, what is -102465 + 4?
-102461
In base 7, what is -2126361 - 4?
-2126365
In base 12, what is -6 - 912?
-918
In base 2, what is 1000100001100011 - -100?
1000100001100111
In base 4, what is -112 + 102130?
102012
In base 3, what is 11 - -11101220202?
11101220220
In base 3, what is 10211220222110 - -1?
10211220222111
In base 4, what is -320311203 - -12?
-320311131
In base 2, what is 1100001111010011 + 100?
1100001111010111
In base 12, what is -1 - 110b?
-1110
In base 15, what is -622b1 - 2?
-622b3
In base 13, what is -1cb824 + -3?
-1cb827
In base 14, what is -b + -5503?
-5510
In base 15, what is -606 + 5?
-601
In base 7, what is -46616 - 5?
-46624
In base 2, what is -1011001011101101000 + 1?
-1011001011101100111
In base 12, what is 2191a + -5?
21915
In base 9, what is -2375 + -45?
-2431
In base 6, what is 555 + -2?
553
In base 16, what is -27e - 8?
-286
In base 5, what is -10 + -23032241?
-23032301
In base 9, what is -6 - 378477?
-378484
In base 14, what is 225 - -5?
22a
In base 7, what is 4005 + 100?
4105
In base 4, what is 20030 + -2333212?
-2313122
In base 5, what is 4 - -1033233?
1033242
In base 15, what is -9d - 41?
-de
In base 11, what is a6 + 1648?
1743
In base 7, what is 3306101 - -3?
3306104
In base 9, what is 747 - 3621?
-2763
In base 5, what is -1442032 + -20?
-1442102
In base 11, what is 28 + 666?
693
In base 15, what is 1d728e - 5?
1d7289
In base 16, what is 40 - 7ff?
-7bf
In base 13, what is 162927 + -2?
162925
In base 2, what is 11 - -1110011110011011?
1110011110011110
In base 13, what is -2 + 273c?
273a
In base 12, what is -237 - 42?
-279
In base 16, what is 5 + -7b87?
-7b82
In base 4, what is 1 + 221023121?
221023122
In base 3, what is -12 + 121100012?
121100000
In base 2, what is -10101110000001010101 + 10?
-10101110000001010011
In base 7, what is 25 + 23110?
23135
In base 15, what is -4 + 5512?
550d
In base 7, what is -223132 - -366?
-222433
In base 8, what is 17 - 326?
-307
In base 3, what is 10000121 + -222?
2222122
In base 2, what is 1 - 10010101100110?
-10010101100101
In base 16, what is -1dfc - 4?
-1e00
In base 13, what is -1a1 - -c0?
-b1
In base 15, what is -4 - 24aca?
-24ace
In base 12, what is -20 + -60080?
-600a0
In base 6, what is -12 - 153133?
-153145
In base 12, what is -4 + 27a49?
27a45
In base 4, what is 1102231 + -1331?
1100300
In base 6, what is 14350140 + -3?
14350133
In base 15, what is -1d6c - -96?
-1cc6
In base 13, what is 3b3 - -5?
3b8
In base 6, what is 0 + -12511553?
-12511553
In base 5, what is -2024312 - 0?
-2024312
In base 12, what is -76 - -825?
76b
In base 15, what is 1 - -18d49?
18d4a
In base 9, what is -228 - 36?
-265
In base 9, what is 552 - 801?
-238
In base 6, what is -5400 + 2022?
-3334
In base 7, what is 1044 - -246?
1323
In base 6, what is -14 + -1242?
-1300
In base 13, what is 1396a5 + -2?
1396a3
In base 7, what is 151 + 151533?
152014
In base 7, what is 43 - -1341?
1414
In base 7, what is -2113 + 266?
-1514
In base 3, what is 1210101 - -12112?
1222220
In base 16, what is 3 + -4fa15?
-4fa12
In base 8, what is -17 - 27310?
-27327
In base 15, what is 6c9 + -27b?
44d
In base 11, what is -5 - -247a08?
247a03
In base 8, what is 41740 + 2?
41742
In base 5, what is -11 + 111004?
110443
In base 12, what is -2 - 624?
-626
In base 2, what is -101101101111000 - -101?
-10110110